er?
True
Is 43980158527 prime?
False
Is 7496173537 a prime number?
True
Is 6879244847 a prime number?
True
Is 432187079 a prime number?
False
Is 68880037 a prime number?
False
Is 3151056913 a composite number?
True
Is 44491048205 composite?
True
Is 2794905403 prime?
True
Is 23399229851 prime?
True
Is 14433571 composite?
True
Is 1244979035 composite?
True
Is 149833396319 prime?
True
Is 8453688953 composite?
False
Is 203810081 a prime number?
True
Is 3116822659 composite?
False
Is 69818419579 a composite number?
False
Is 715941121 a prime number?
False
Is 84023675863 a prime number?
True
Is 2544524761 a prime number?
True
Is 1924183787 a composite number?
True
Is 60085397201 prime?
True
Is 2493744503 prime?
False
Is 754591363 a prime number?
True
Is 2638124963 a prime number?
False
Is 48858925883 prime?
False
Is 327307868143 prime?
False
Is 138920425027 a composite number?
False
Is 745598471 a composite number?
False
Is 8410555393 composite?
False
Is 692187686 a composite number?
True
Is 1287140597 a prime number?
True
Is 1286593277 a composite number?
False
Is 27553127 prime?
False
Is 28891843 prime?
False
Is 58005115855 prime?
False
Is 26987913047 a composite number?
True
Is 27139848943 composite?
False
Is 1379499619 a prime number?
False
Is 30439064707 composite?
True
Is 111069379 composite?
False
Is 1906657279 a prime number?
False
Is 9517618919 a composite number?
False
Is 15373650769 prime?
True
Is 13053220049 prime?
True
Is 98589343 prime?
False
Is 1441261013 prime?
True
Is 7979497 a prime number?
True
Is 6480740087 prime?
True
Is 82211008387 composite?
True
Is 1619182522 a prime number?
False
Is 1575358937 composite?
False
Is 147923337407 prime?
True
Is 1179123117 prime?
False
Is 25370440233 a prime number?
False
Is 357662161 a prime number?
False
Is 26427206269 prime?
False
Is 625974487 prime?
False
Is 9977568539 a prime number?
True
Is 27588466001 composite?
False
Is 374627297 composite?
True
Is 237254977 prime?
False
Is 23135726989 a prime number?
False
Is 358047797 prime?
False
Is 22720328329 a composite number?
False
Is 5933214995 a prime number?
False
Is 203981699 composite?
False
Is 166096277 composite?
True
Is 3348913189 prime?
False
Is 5325452123 composite?
False
Is 2556572543 a prime number?
False
Is 20994714931 prime?
True
Is 33038143793 composite?
True
Is 7313056159 a composite number?
False
Is 40402829309 prime?
True
Is 16785401429 a composite number?
False
Is 25379410033 a composite number?
False
Is 6143827181 a prime number?
False
Is 24015760693 prime?
True
Is 11057908877 composite?
False
Is 9538404553 a composite number?
False
Is 34773003217 a prime number?
True
Is 5422381163 a prime number?
True
Is 6163957237 composite?
False
Is 10043291287 prime?
True
Is 1912596937 a prime number?
True
Is 5581183393 prime?
False
Is 361311752897 prime?
True
Is 29992079 prime?
False
Is 526138637 prime?
True
Is 3167399887 a composite number?
False
Is 2701554521 a prime number?
True
Is 106334624633 composite?
False
Is 2560400741 a prime number?
True
Is 7069146419 composite?
True
Is 14490566669 a composite number?
True
Is 7893296045 prime?
False
Is 110012531 prime?
False
Is 8782994899 composite?
True
Is 2177192617 composite?
False
Is 965976614 a prime number?
False
Is 5120910023 a composite number?
True
Is 1760735189 a composite number?
False
Is 700347113 a prime number?
False
Is 101963893 prime?
False
Is 2331398807 a prime number?
True
Is 446703247 composite?
True
Is 2758382401 a composite number?
False
Is 2394765701 prime?
True
Is 21083316817 a prime number?
True
Is 530776935353 prime?
False
Is 117372590939 a composite number?
False
Is 5042260271 a composite number?
True
Is 22380138041 a composite number?
False
Is 1149116233 prime?
True
Is 975353921 composite?
False
Is 7653767257 a composite number?
True
Is 10329541661 a composite number?
True
Is 806811263 composite?
False
Is 760308154 a prime number?
False
Is 2622020629 a composite number?
False
Is 89548423 composite?
True
Is 514948699 composite?
False
Is 22797069305 a prime number?
False
Is 1070520907 composite?
True
Is 19971662021 a composite number?
False
Is 2366018007 prime?
False
Is 53291422237 prime?
False
Is 941168285 prime?
False
Is 92894693 a composite number?
True
Is 21200794217 a prime number?
True
Is 7900184063 a composite number?
False
Is 369555413 composite?
False
Is 70621303 a composite number?
True
Is 401440957 a prime number?
False
Is 374550367 a composite number?
False
Is 3031599493 prime?
False
Is 110441011 a composite number?
False
Is 186825307 prime?
True
Is 3808145657 prime?
True
Is 22730958373 prime?
True
Is 3978072185 prime?
False
Is 10384659331 a prime number?
False
Is 2248029941 prime?
True
Is 9139712027 prime?
True
Is 52545803 composite?
True
Is 137448651649 composite?
False
Is 273153949 a composite number?
True
Is 1588401251 a composite number?
False
Is 54012750401 prime?
True
Is 11644471 composite?
True
Is 2638544257 a prime number?
True
Is 2146662419 a prime number?
False
Is 905592109 prime?
False
Is 2247675427 composite?
False
Is 2188625749 a prime number?
True
Is 375972239 a composite number?
True
Is 884552627 a prime number?
False
Is 9696377177 a prime number?
False
Is 1132501453 prime?
True
Is 42076088903 a composite number?
False
Is 140160825971 composite?
True
Is 27083780938 prime?
False
Is 21600482929 prime?
True
Is 52827752291 a prime number?
False
Is 41492911147 a prime number?
False
Is 1218852073 a prime number?
False
Is 42844980611 composite?
False
Is 752904101 composite?
False
Is 436371973 a prime number?
False
Is 234648131 prime?
False
Is 4975186199 composite?
False
Is 515305559 a prime number?
True
Is 133489561 composite?
True
Is 807433505 composite?
True
Is 21921766147 a prime number?
True
Is 46976728441 prime?
True
Is 60318779 a prime number?
True
Is 4458942091 a composite number?
True
Is 222195251 a prime number?
True
Is 86370994033 a composite number?
False
Is 136933991 a prime number?
False
Is 2824528955 a composite number?
True
Is 17806297321 composite?
False
Is 2861699531 composite?
False
Is 3459877181 prime?
False
Is 136754869 a prime number?
True
Is 217754911427 a composite number?
False
Is 16007651 composite?
True
Is 101727317519 composite?
False
Is 39521116955 a prime number?
False
Is 11646203813 a prime number?
True
Is 12719222123 a composite number?
False
Is 65340655637 a prime number?
False
Is 1891716017 a prime number?
False
Is 63588794249 a composite number?
False
Is 3565249019 a prime number?
True
Is 48495528599 composite?
True
Is 72558953 a prime number?
False
Is 27904756849 a composite number?
True
Is 36041110897 a prime number?
False
Is 5616301057 a composite number?
False
Is 273881243 prime?
False
Is 3679131431 a composite number?
False
Is 11580802573 prime?
False
Is 9550635883 a composite number?
False
Is 1201200151 prime?
True
Is 13443502841 composite?
True
Is 5471520541 a prime number?
True
Is 1618331851 prime?
True
Is 110861141243 composite?
True
Is 143959589 a composite number?
False
Is 101404824127 prime?
False
Is 3168986203 a composite number?
False
Is 598074991 prime?
True
Is 161067611 a composite number?
False
Is 2483481647 prime?
False
Is 19043185507 prime?
False
Is 548607551 a prime number?
False
Is 167956012619 composite?
False
Is 3465924409 composite?
True
Is 11646742357 prime?
False
Is 8282685153 a prime number?
False
Is 21239099129 prime?
False
Is 2957710871 composite?
False
Is 8710369141 composite?
True
Is 6975229279 composite?
False
Is 37593291 composite?
True
Is 3177879959 a composite number?
False
Is 11494268249 composite?
False
Is 778365941 a prime number?
False
Is 5231923759 a composite number?
False
Is 1974276721 prime?
True
Is 5993822519 composite?
False
Is 223264451 composite?
True
Is 323573183 prime?
False
Is 98184451879 composite?
True
Is 20240049821 prime?
True
Is 380747273 a composite number?
False
Is 203797159 composite?
False
Is 461775269 a composite number?
True
Is 1466493227 prime?
True
Is 26621044643 a composite number?
False
Is 4983823067 a prime number?
True
Is 20222323817 a composite number?
True
Is 44249599193 prime?
False
Is 663000361 composite?
True
Is 16276432615 a composite number?
True
Is 3089757821 a prime number?
False
Is 9996000893 prime?
False
Is 1717084861 composite?
False
